ase 9) to base 2
110011000000001
424 (base 11) to base 10
510
What is -22212 (base 4) in base 10?
-678
-280 (base 15) to base 10
-570
Convert 210 (base 9) to base 3.
20100
-628 (base 16) to base 7
-4411
What is -113021 (base 4) in base 5?
-21411
Convert -442 (base 8) to base 13.
-194
What is -a0a (base 14) in base 6?
-13042
-649a (base 11) to base 15
-281e
2476 (base 8) to base 11
1010
Convert 27258 (base 10) to base 3.
1101101120
Convert -454 (base 9) to base 11.
-30a
-13a50 (base 11) to base 16
-4dbb
Convert -687 (base 10) to base 8.
-1257
Convert 16704 (base 10) to base 6.
205200
What is -20c (base 15) in base 13?
-297
-438 (base 15) to base 11
-797
Convert -1ba (base 14) to base 11.
-2a8
Convert 1236 (base 16) to base 14.
19b0
What is 112323 (base 4) in base 2?
10110111011
What is 4596 (base 10) in base 16?
11f4
What is 18b1 (base 13) in base 9?
5053
Convert -30154 (base 6) to base 15.
-128d
-1245 (base 6) to base 13
-1b5
Convert -5251 (base 6) to base 5.
-14213
1114014 (base 5) to base 16
4dac
-9e5 (base 15) to base 10
-2240
Convert 1e8 (base 16) to base 8.
750
What is 146 (base 12) in base 4?
3012
2475 (base 9) to base 3
2112112
What is cd9 (base 14) in base 9?
3435
What is -10540 (base 6) in base 5?
-22000
Convert 1010011001001001 (base 2) to base 14.
11729
Convert -c3c (base 15) to base 4.
-223011
Convert -333 (base 11) to base 10.
-399
What is -579 (base 12) in base 7?
-2241
Convert 6252 (base 8) to base 5.
100432
-110201122 (base 3) to base 13
-42b9
Convert -230 (base 14) to base 6.
-2002
What is 5301 (base 10) in base 12?
3099
What is -18361 (base 12) in base 15?
-a5ca
Convert -3233 (base 5) to base 6.
-2015
Convert 28 (base 11) to base 2.
11110
What is -240440 (base 6) in base 15?
-62d9
-885 (base 10) to base 2
-1101110101
Convert 10101101 (base 2) to base 7.
335
Convert -284 (base 13) to base 11.
-376
-34444 (base 5) to base 4
-213003
Convert -334c (base 15) to base 5.
-321442
Convert -431c (base 13) to base 16.
-2468
What is -32230 (base 4) in base 3?
-1021211
Convert 4b (base 16) to base 8.
113
What is 21211 (base 4) in base 16?
265
5500 (base 6) to base 11
a46
-3425 (base 7) to base 2
-10011011100
Convert -330031 (base 5) to base 16.
-2c02
What is 705 (base 10) in base 9?
863
Convert 15603 (base 14) to base 15.
10be5
What is -1915 (base 10) in base 8?
-3573
Convert -42648 (base 10) to base 12.
-20820
Convert 31963 (base 12) to base 7.
361254
What is -e3d3 (base 16) in base 4?
-32033103
What is -154 (base 16) in base 14?
-1a4
Convert 1202022120 (base 3) to base 11.
23a09
What is -31a9 (base 14) in base 15?
-281c
Convert 32104 (base 5) to base 3.
2221210
89cb (base 15) to base 16
7220
What is 14d (base 16) in base 6?
1313
Convert 3020001 (base 4) to base 5.
402201
12100101 (base 3) to base 10
3898
What is 218 (base 9) in base 16?
b3
-10213 (base 4) to base 15
-14a
What is -5437 (base 8) in base 14?
-1075
What is -356 (base 7) in base 4?
-2330
What is 10221 (base 5) in base 2?
1010101110
What is 555 (base 9) in base 13?
290
36223 (base 7) to base 12
5514
-222 (base 7) to base 12
-96
What is -112431 (base 6) in base 16?
-25c3
483 (base 11) to base 15
285
-1413 (base 15) to base 2
-1000011000101
-b3a (base 16) to base 6
-21150
What is 131412 (base 5) in base 8?
12160
-c9a (base 16) to base 2
-110010011010
Convert -1010101010100 (base 2) to base 14.
-1dc0
13214 (base 5) to base 6
4523
2186 (base 9) to base 5
22432
Convert 230120 (base 4) to base 11.
2152
Convert 1011000100 (base 2) to base 15.
323
Convert 307 (base 9) to base 12.
18a
What is 74494 (base 10) in base 5?
4340434
What is -15625 (base 11) in base 12?
-10915
What is -111416 (base 8) in base 5?
-2201041
What is 1a54 (base 11) in base 13?
1250
8244 (base 10) to base 2
10000000110100
Convert 2556 (base 9) to base 10.
1914
Convert -12103 (base 5) to base 4.
-32013
-296 (base 14) to base 12
-378
4375 (base 16) to base 14
6417
What is -511 (base 12) in base 13?
-445
276 (base 15) to base 5
4221
What is 3189 (base 14) in base 2?
10000101100101
Convert -5527 (base 13) to base 16.
-2e57
2c767 (base 13) to base 15
1a1a4
-1111001010111 (base 2) to base 6
-55543
What is 10101 (base 3) in base 13?
70
Convert -1301 (base 15) to base 14.
-1695
Convert 276 (base 10) to base 2.
100010100
What is -2276 (base 9) in base 12?
-b89
Convert -81 (base 10) to base 11.
-74
Convert -8b73 (base 12) to base 7.
-63114
-539 (base 10) to base 16
-21b
-14d (base 16) to base 4
-11031
-6d1 (base 14) to base 10
-1359
What is 1388 (base 10) in base 4?
111230
Convert 47a93 (base 11) to base 4.
100321021
Convert 1134 (base 7) to base 4.
12201
What is -4033 (base 5) in base 3?
-201012
What is -120000221 (base 3) in base 14?
-3dcc
Convert 5046 (base 8) to base 3.
10120020
12122 (base 5) to base 3
1020210
Convert -2123220 (base 4) to base 12.
-5920
What is 529 (base 13) in base 12?
614
Convert 10011100 (base 2) to base 14.
b2
Convert 939 (base 12) to base 14.
6bb
What is -13448 (base 10) in base 14?
-4c88
Convert -224 (base 8) to base 11.
-125
Convert -4589 (base 11) to base 12.
-35a2
What is 341156 (base 7) in base 11?
41472
What is -4300 (base 5) in base 7?
-1451
-356023 (base 7) to base 13
-23488
What is 8ad (base 14) in base 12?
bb5
-4a540 (base 11) to base 5
-4310043
What is 5d18 (base 14) in base 4?
3332202
What is 100002002 (base 3) in base 2?
1100111011001
Convert 13313 (base 4) to base 6.
2155
Convert 33443 (base 5) to base 7.
6630
Convert 1530 (base 8) to base 14.
452
Convert -11221001 (base 3) to base 8.
-7010
250 (base 6) to base 3
10210
4443 (base 5) to base 10
623
84236 (base 9) to base 12
28213
What is 3140 (base 8) in base 11?
1254
Convert 23103 (base 4) to base 8.
1323
Convert -14403 (base 5) to base 13.
-736
599 (base 13) to base 8
1713
-221120 (base 4) to base 5
-41043
What is 553 (base 11) in base 13?
3c0
What is -1001000 (base 5) in base 8?
-36606
What is 410001 (base 5) in base 2?
11001101000110
-34a31 (base 11) to base 2
-1100010100111011
What is -86d (base 14) in base 2?
-11010000001
103142 (base 5) to base 9
4771
What is 326 (base 8) in base 5?
1324
What is 2034 (base 12) in base 13?
178c
What is 268 (base 10) in base 2?
100001100
What is -e569 (base 15) in base 12?
-24076
Convert 18677 (base 10) to base 13.
8669
Convert -1011110010000110 (base 2) to base 11.
-33295
What is 33677 (base 9) in base 2?
101011110011010
Convert -207b (base 12) to base 11.
-2739
Convert 711 (base 8) to base 11.
386
What is -14005 (base 6) in base 11?
-1699
155 (base 8) to base 2
1101101
What is 27774 (base 9) in base 3?
221212111
115514 (base 6) to base 12
5b9a
30a91 (base 11) to base 8
130261
What is 10dc (base 16) in base 7?
15404
Convert 9ad (base 15) to base 8.
4214
Convert 3132204 (base 5) to base 3.
2122120120
-1010102020 (base 3) to base 16
-569d
What is 12470 (base 12) in base 10?
24852
What is -2158 (base 9) in base 8?
-3070
Convert 35325 (base 6) to base 16.
13e5
2642 (base 8) to base 5
21232
100111111011 (base 2) to base 13
1217
Convert -13 (base 7) to base 5.
-20
2130310 (base 4) to base 8
23464
What is 340534 (base 6) in base 10?
28714
Convert 5052 (base 8) to base 16.
a2a
What is -101212 (base 3) in base 15?
-148
What is 1010100110 (base 2) in base 6?
3050
-303235 (base 7) to base 11
-35826
Convert -110222 (base 4) to base 8.
-2452
-176 (base 8) to base 12
-a6
What is -21640 (base 7) in base 14?
-1dc7
Convert -18166 (base 13) to base 16.
-b536
What is 10101101100 (base 2) in base 8?
2554
-844 (base 10) to base 4
-31030
What is -18a89 (base 12) in base 13?
-13584
36666 (base 9) to base 10
24603
Convert 573 (base 10) to base 11.
481
-13040 (base 10) to base 15
-3ce5
-98 (base 15) to base 9
-168
-152040 (base 6) to base 2
-11100101111000
What is -2110 (base 3) in base 12?
-56
Convert -6655 (base 7) to base 10.
-2392
18b32 (base 14) to base 9
104740
2134 (base 6) to base 5
3430
What is 10436 (base 8) in base 3?
20000022
-4516 (base 12) to base 8
-16742
Convert -1011101110 (base 2) to base 10.
-750
134 (base 13) to base 5
1322
-34501 (base 8) to base 14
-54ad
Convert -211222 (base 4) to base 3.
-10022021
What is -1011101001011 (base 2) in base 10?
-5963
Convert 1001111 (base 2) to base 13.
61
What is 101112 (base 3) in base 11?
239
Convert 140 (base 5) to base 8.
55
What is -599e (base 15) in base 